{"id":984,"date":"2017-10-06T07:58:46","date_gmt":"2017-10-06T05:58:46","guid":{"rendered":"http:\/\/la-colonie.org\/public\/?page_id=984"},"modified":"2024-07-22T22:59:17","modified_gmt":"2024-07-22T20:59:17","slug":"bienvenue","status":"publish","type":"page","link":"https:\/\/la-colonie.org\/public\/","title":{"rendered":"Bienvenue \u00e0 La Colonie"},"content":{"rendered":"\n<div class=\"wp-block-columns is-layout-flex wp-container-core-columns-is-layout-9d6595d7 wp-block-columns-is-layout-flex\">\n<div class=\"wp-block-column is-layout-flow wp-block-column-is-layout-flow\" style=\"flex-basis:75%\">\n<p><strong>Imaginez<\/strong> un lieu chaleureux dans un site d\u2019exception en pleine for\u00eat, o\u00f9 une histoire bi-centenaire continue de s&rsquo;\u00e9crire, et o\u00f9 un groupe d&rsquo;amis alterne moments partag\u00e9s et activit\u00e9s personnelles\u2026 <\/p>\n\n\n\n<p><strong>Cette utopie s\u2019appelle \u00ab\u00a0La Colonie\u00a0\u00bb<\/strong>.<\/p>\n\n\n\n<div style=\"height:20px\" aria-hidden=\"true\" class=\"wp-block-spacer\"><\/div>\n<\/div>\n\n\n\n<div class=\"wp-block-column is-layout-flow wp-block-column-is-layout-flow\" style=\"flex-basis:25%\">\n<p><\/p>\n<\/div>\n<\/div>\n\n\n\n<hr class=\"wp-block-separator\"\/>\n\n\n\n<div style=\"height:20px\" aria-hidden=\"true\" class=\"wp-block-spacer\"><\/div>\n\n\n\n<div class=\"pt-cv-wrapper\"><div class=\"pt-cv-view pt-cv-grid pt-cv-colsys pt-cv-same-height pt-cv-sharp-buttons\" id=\"pt-cv-view-ee207bflj9\"><div data-id=\"pt-cv-page-1\" class=\"pt-cv-page\" data-cvc=\"3\" data-cvct=\"3\" data-cvcm=\"1\"><div class=\"col-md-4 col-sm-4 col-xs-12 pt-cv-content-item pt-cv-1-col\"  data-pid=\"402\"><div class='pt-cv-ifield'><a href=\"https:\/\/la-colonie.org\/public\/le-site\/\" class=\"_self pt-cv-href-thumbnail pt-cv-thumb-default cvplbd cvp-responsive-image img-none\" target=\"_self\" data-iw=\"300\" data-ih=\"300\"><img loading=\"lazy\" decoding=\"async\" width=\"225\" height=\"300\" src=\"https:\/\/www.la-colonie.org\/public\/wp-content\/medias\/2020\/06\/Rhodo-pelouse-soir-mai-2020-225x300.jpg\" class=\"pt-cv-thumbnail img-none\" alt=\"Un site superbe\" \/><\/a>\n<h4 class=\"pt-cv-title\"><a href=\"https:\/\/la-colonie.org\/public\/le-site\/\" class=\"_self cvplbd\" target=\"_self\" data-iw=\"300\" data-ih=\"300\">Un site superbe<\/a><\/h4>\n<div class=\"pt-cv-content\">Situ\u00e9e en bordure du massif forestier de Rambouillet, la Colonie compte plusieurs b\u00e2timents centenaires. Ils sont dispers\u00e9s dans un domaine forestier de 35 hectares, avec bois et \u00e9tangs, pelouses, potager et tennis. La nature y est riche en couleurs et ...<\/div><\/div><\/div>\n<div class=\"col-md-4 col-sm-4 col-xs-12 pt-cv-content-item pt-cv-1-col\"  data-pid=\"414\"><div class='pt-cv-ifield'><a href=\"https:\/\/la-colonie.org\/public\/mode-de-vie\/\" class=\"_self pt-cv-href-thumbnail pt-cv-thumb-default cvplbd cvp-responsive-image img-none\" target=\"_self\" data-iw=\"300\" data-ih=\"300\"><img loading=\"lazy\" decoding=\"async\" width=\"300\" height=\"225\" src=\"https:\/\/www.la-colonie.org\/public\/wp-content\/medias\/2017\/10\/IMG_7950-300x225.jpg\" class=\"pt-cv-thumbnail img-none\" alt=\"Un mode de vie original\" \/><\/a>\n<h4 class=\"pt-cv-title\"><a href=\"https:\/\/la-colonie.org\/public\/mode-de-vie\/\" class=\"_self cvplbd\" target=\"_self\" data-iw=\"300\" data-ih=\"300\">Un mode de vie original<\/a><\/h4>\n<div class=\"pt-cv-content\">La Colonie est aujourd'hui une propri\u00e9t\u00e9 occup\u00e9e essentiellement pendant les week-ends et vacances par les membres de son association. Son organisation repose sur un mod\u00e8le \u00e9prouv\u00e9, o\u00f9 les responsabilit\u00e9s sont partag\u00e9es, et o\u00f9 les activit\u00e9s communes alternent avec les occupations ...<\/div><\/div><\/div>\n<div class=\"col-md-4 col-sm-4 col-xs-12 pt-cv-content-item pt-cv-1-col\"  data-pid=\"367\"><div class='pt-cv-ifield'><a href=\"https:\/\/la-colonie.org\/public\/histoire\/\" class=\"_self pt-cv-href-thumbnail pt-cv-thumb-default cvplbd cvp-responsive-image img-none\" target=\"_self\" data-iw=\"300\" data-ih=\"300\"><img loading=\"lazy\" decoding=\"async\" width=\"300\" height=\"226\" src=\"https:\/\/www.la-colonie.org\/public\/wp-content\/medias\/2020\/06\/Vue-dun-phalanstere-300x226.jpg\" class=\"pt-cv-thumbnail img-none\" alt=\"Une histoire authentique\" \/><\/a>\n<h4 class=\"pt-cv-title\"><a href=\"https:\/\/la-colonie.org\/public\/histoire\/\" class=\"_self cvplbd\" target=\"_self\" data-iw=\"300\" data-ih=\"300\">Une histoire authentique<\/a><\/h4>\n<div class=\"pt-cv-content\">Inspir\u00e9e \u00e0 ses d\u00e9buts des th\u00e9ories de Charles Fourier et rare repr\u00e9sentante d\u2019un projet de \u00ab phalanst\u00e8re \u00bb, la Colonie a connu diverses m\u00e9tamorphoses et a travers\u00e9 les si\u00e8cles. Elle offre aujourd\u2019hui un cadre d\u2019\u00e9tude int\u00e9ressante \u00e0 tous les f\u00e9rus ...<\/div><\/div><\/div><\/div><\/div><\/div>\t\t\t<style type=\"text\/css\" id=\"pt-cv-inline-style-a275c0430o\">#pt-cv-view-ee207bflj9.pt-cv-post-border { margin: 0; border-top-width: 1px; border-left-width: 1px }\n#pt-cv-view-ee207bflj9.pt-cv-post-border { margin: 0; border-top-style: solid; border-left-style: solid }\n#pt-cv-view-ee207bflj9.pt-cv-post-border .pt-cv-content-item   { border-right-width: 1px; border-bottom-width: 1px; border-right-style: solid; border-bottom-style: solid; }\n#pt-cv-view-ee207bflj9 .pt-cv-title a, #pt-cv-view-ee207bflj9  .panel-title { font-weight: 600 !important; }\n#pt-cv-view-ee207bflj9  .pt-cv-hover-wrapper::before   { background-color: rgba(51,51,51,.6) !important; }\n#pt-cv-view-ee207bflj9:not(.pt-cv-nohover) .pt-cv-mask *   { color: #fff; }\n#pt-cv-view-ee207bflj9 .pt-cv-carousel-caption  { background-color: rgba(51,51,51,.6) !important; }\n#pt-cv-view-ee207bflj9 .pt-cv-specialp { background-color: #CC3333 !important }\n#pt-cv-view-ee207bflj9 .pt-cv-specialp * { color: #fff !important; }\n#pt-cv-view-ee207bflj9 .pt-cv-pficon  { color: #bbb !important; }\n#pt-cv-view-ee207bflj9  .add_to_cart_button, #pt-cv-view-ee207bflj9  .add_to_cart_button *   { color: #ffffff !important; background-color: #00aeef !important; }\n#pt-cv-view-ee207bflj9  .woocommerce-onsale   { color: #ffffff !important; background-color: #ff5a5f !important; }\n#pt-cv-view-ee207bflj9 .pt-cv-readmore  { color: #ffffff !important; background-color: #00aeef !important; }\n#pt-cv-view-ee207bflj9 .pt-cv-readmore:hover  { color: #ffffff !important; background-color: #00aeef !important; }\n#pt-cv-view-ee207bflj9  + .pt-cv-pagination-wrapper .pt-cv-more , #pt-cv-view-ee207bflj9  + .pt-cv-pagination-wrapper .pagination .active a { color: #ffffff !important; background-color: #00aeef !important; }\n[id^='pt-cv-filter-bar-ee207bflj9'] .active.pt-cv-filter-option, [id^='pt-cv-filter-bar-ee207bflj9'] .active .pt-cv-filter-option, [id^='pt-cv-filter-bar-ee207bflj9'] .selected.pt-cv-filter-option, [id^='pt-cv-filter-bar-ee207bflj9'] .dropdown-toggle   { color: #fff !important; background-color: #00aeef !important; }\n[id^='pt-cv-filter-bar-ee207bflj9'] .pt-cv-filter-title   { color: #fff !important; background-color: #00aeef !important; }\n#pt-cv-gls-ee207bflj9 li a   { font-weight: 600 !important; }\n#pt-cv-gls-ee207bflj9 li a.pt-active   { color: #fff !important; background-color: #ff5a5f !important; }\n#pt-cv-view-ee207bflj9 .pt-cv-gls-header  { background-color: #00aeef !important; }\n#pt-cv-view-ee207bflj9 .cvp-responsive-image[style*=\"background-image\"] { width: 300px; height: 300px; }<\/style>\r\n\t\t\t\n","protected":false},"excerpt":{"rendered":"<p>Imaginez un lieu chaleureux dans un site d\u2019exception en pleine for\u00eat, o\u00f9 une histoire bi-centenaire continue de s&rsquo;\u00e9crire, et o\u00f9 un groupe d&rsquo;amis alterne moments partag\u00e9s et activit\u00e9s personnelles\u2026 Cette utopie s\u2019appelle \u00ab\u00a0La Colonie\u00a0\u00bb.<\/p>\n<p class=\"continue-reading-button\"> <a class=\"continue-reading-link\" href=\"https:\/\/la-colonie.org\/public\/\">Suite&#8230;<i class=\"crycon-right-dir\"><\/i><\/a><\/p>\n","protected":false},"author":1,"featured_media":0,"parent":0,"menu_order":0,"comment_status":"closed","ping_status":"closed","template":"","meta":{"advgb_blocks_editor_width":"","advgb_blocks_columns_visual_guide":"","_exactmetrics_skip_tracking":false,"_exactmetrics_sitenote_active":false,"_exactmetrics_sitenote_note":"","_exactmetrics_sitenote_category":0,"footnotes":""},"class_list":["post-984","page","type-page","status-publish","hentry"],"yoast_head":"<!-- This site is optimized with the Yoast SEO plugin v26.1.1 - https:\/\/yoast.com\/wordpress\/plugins\/seo\/ -->\n<title>Bienvenue \u00e0 La Colonie - La Colonie de Cond\u00e9-sur-Vesgre<\/title>\n<meta name=\"robots\" content=\"index, follow, max-snippet:-1, max-image-preview:large, max-video-preview:-1\" \/>\n<link rel=\"canonical\" href=\"https:\/\/la-colonie.org\/public\/\" \/>\n<meta property=\"og:locale\" content=\"fr_FR\" \/>\n<meta property=\"og:type\" content=\"article\" \/>\n<meta property=\"og:title\" content=\"Bienvenue \u00e0 La Colonie - La Colonie de Cond\u00e9-sur-Vesgre\" \/>\n<meta property=\"og:description\" content=\"Imaginez un lieu chaleureux dans un site d\u2019exception en pleine for\u00eat, o\u00f9 une histoire bi-centenaire continue de s&rsquo;\u00e9crire, et o\u00f9 un groupe d&rsquo;amis alterne moments partag\u00e9s et activit\u00e9s personnelles\u2026 Cette utopie s\u2019appelle \u00ab\u00a0La Colonie\u00a0\u00bb. Suite...\" \/>\n<meta property=\"og:url\" content=\"https:\/\/la-colonie.org\/public\/\" \/>\n<meta property=\"og:site_name\" content=\"La Colonie de Cond\u00e9-sur-Vesgre\" \/>\n<meta property=\"article:modified_time\" content=\"2024-07-22T20:59:17+00:00\" \/>\n<meta name=\"twitter:card\" content=\"summary_large_image\" \/>\n<script type=\"application\/ld+json\" class=\"yoast-schema-graph\">{\"@context\":\"https:\/\/schema.org\",\"@graph\":[{\"@type\":\"WebPage\",\"@id\":\"https:\/\/la-colonie.org\/public\/\",\"url\":\"https:\/\/la-colonie.org\/public\/\",\"name\":\"Bienvenue \u00e0 La Colonie - La Colonie de Cond\u00e9-sur-Vesgre\",\"isPartOf\":{\"@id\":\"https:\/\/la-colonie.org\/public\/#website\"},\"datePublished\":\"2017-10-06T05:58:46+00:00\",\"dateModified\":\"2024-07-22T20:59:17+00:00\",\"breadcrumb\":{\"@id\":\"https:\/\/la-colonie.org\/public\/#breadcrumb\"},\"inLanguage\":\"fr-FR\",\"potentialAction\":[{\"@type\":\"ReadAction\",\"target\":[\"https:\/\/la-colonie.org\/public\/\"]}]},{\"@type\":\"BreadcrumbList\",\"@id\":\"https:\/\/la-colonie.org\/public\/#breadcrumb\",\"itemListElement\":[{\"@type\":\"ListItem\",\"position\":1,\"name\":\"Accueil\",\"item\":\"https:\/\/la-colonie.org\/public\/\"},{\"@type\":\"ListItem\",\"position\":2,\"name\":\"Bienvenue \u00e0 La Colonie\"}]},{\"@type\":\"WebSite\",\"@id\":\"https:\/\/la-colonie.org\/public\/#website\",\"url\":\"https:\/\/la-colonie.org\/public\/\",\"name\":\"La Colonie de Cond\u00e9-sur-Vesgre\",\"description\":\"Un phalanst\u00e8re subsiste pr\u00e8s de Paris !\",\"publisher\":{\"@id\":\"https:\/\/la-colonie.org\/public\/#organization\"},\"potentialAction\":[{\"@type\":\"SearchAction\",\"target\":{\"@type\":\"EntryPoint\",\"urlTemplate\":\"https:\/\/la-colonie.org\/public\/?s={search_term_string}\"},\"query-input\":{\"@type\":\"PropertyValueSpecification\",\"valueRequired\":true,\"valueName\":\"search_term_string\"}}],\"inLanguage\":\"fr-FR\"},{\"@type\":\"Organization\",\"@id\":\"https:\/\/la-colonie.org\/public\/#organization\",\"name\":\"La Colonie de Cond\u00e9-sur-Vesgre\",\"url\":\"https:\/\/la-colonie.org\/public\/\",\"logo\":{\"@type\":\"ImageObject\",\"inLanguage\":\"fr-FR\",\"@id\":\"https:\/\/la-colonie.org\/public\/#\/schema\/logo\/image\/\",\"url\":\"https:\/\/www.la-colonie.org\/public\/wp-content\/medias\/2018\/02\/Colonie_petit_logo.jpg\",\"contentUrl\":\"https:\/\/www.la-colonie.org\/public\/wp-content\/medias\/2018\/02\/Colonie_petit_logo.jpg\",\"width\":120,\"height\":120,\"caption\":\"La Colonie de Cond\u00e9-sur-Vesgre\"},\"image\":{\"@id\":\"https:\/\/la-colonie.org\/public\/#\/schema\/logo\/image\/\"}}]}<\/script>\n<!-- \/ Yoast SEO plugin. -->","yoast_head_json":{"title":"Bienvenue \u00e0 La Colonie - La Colonie de Cond\u00e9-sur-Vesgre","robots":{"index":"index","follow":"follow","max-snippet":"max-snippet:-1","max-image-preview":"max-image-preview:large","max-video-preview":"max-video-preview:-1"},"canonical":"https:\/\/la-colonie.org\/public\/","og_locale":"fr_FR","og_type":"article","og_title":"Bienvenue \u00e0 La Colonie - La Colonie de Cond\u00e9-sur-Vesgre","og_description":"Imaginez un lieu chaleureux dans un site d\u2019exception en pleine for\u00eat, o\u00f9 une histoire bi-centenaire continue de s&rsquo;\u00e9crire, et o\u00f9 un groupe d&rsquo;amis alterne moments partag\u00e9s et activit\u00e9s personnelles\u2026 Cette utopie s\u2019appelle \u00ab\u00a0La Colonie\u00a0\u00bb. Suite...","og_url":"https:\/\/la-colonie.org\/public\/","og_site_name":"La Colonie de Cond\u00e9-sur-Vesgre","article_modified_time":"2024-07-22T20:59:17+00:00","twitter_card":"summary_large_image","schema":{"@context":"https:\/\/schema.org","@graph":[{"@type":"WebPage","@id":"https:\/\/la-colonie.org\/public\/","url":"https:\/\/la-colonie.org\/public\/","name":"Bienvenue \u00e0 La Colonie - La Colonie de Cond\u00e9-sur-Vesgre","isPartOf":{"@id":"https:\/\/la-colonie.org\/public\/#website"},"datePublished":"2017-10-06T05:58:46+00:00","dateModified":"2024-07-22T20:59:17+00:00","breadcrumb":{"@id":"https:\/\/la-colonie.org\/public\/#breadcrumb"},"inLanguage":"fr-FR","potentialAction":[{"@type":"ReadAction","target":["https:\/\/la-colonie.org\/public\/"]}]},{"@type":"BreadcrumbList","@id":"https:\/\/la-colonie.org\/public\/#breadcrumb","itemListElement":[{"@type":"ListItem","position":1,"name":"Accueil","item":"https:\/\/la-colonie.org\/public\/"},{"@type":"ListItem","position":2,"name":"Bienvenue \u00e0 La Colonie"}]},{"@type":"WebSite","@id":"https:\/\/la-colonie.org\/public\/#website","url":"https:\/\/la-colonie.org\/public\/","name":"La Colonie de Cond\u00e9-sur-Vesgre","description":"Un phalanst\u00e8re subsiste pr\u00e8s de Paris !","publisher":{"@id":"https:\/\/la-colonie.org\/public\/#organization"},"potentialAction":[{"@type":"SearchAction","target":{"@type":"EntryPoint","urlTemplate":"https:\/\/la-colonie.org\/public\/?s={search_term_string}"},"query-input":{"@type":"PropertyValueSpecification","valueRequired":true,"valueName":"search_term_string"}}],"inLanguage":"fr-FR"},{"@type":"Organization","@id":"https:\/\/la-colonie.org\/public\/#organization","name":"La Colonie de Cond\u00e9-sur-Vesgre","url":"https:\/\/la-colonie.org\/public\/","logo":{"@type":"ImageObject","inLanguage":"fr-FR","@id":"https:\/\/la-colonie.org\/public\/#\/schema\/logo\/image\/","url":"https:\/\/www.la-colonie.org\/public\/wp-content\/medias\/2018\/02\/Colonie_petit_logo.jpg","contentUrl":"https:\/\/www.la-colonie.org\/public\/wp-content\/medias\/2018\/02\/Colonie_petit_logo.jpg","width":120,"height":120,"caption":"La Colonie de Cond\u00e9-sur-Vesgre"},"image":{"@id":"https:\/\/la-colonie.org\/public\/#\/schema\/logo\/image\/"}}]}},"coauthors":[],"author_meta":{"author_link":"https:\/\/la-colonie.org\/public\/article\/author\/admin\/","display_name":"admin"},"relative_dates":{"created":"Publi\u00e9 8 ans il y a","modified":"Mis \u00e0 jour 2 ans il y a"},"absolute_dates":{"created":"Publi\u00e9 le 6 octobre 2017","modified":"Mise \u00e0 jour le 22 juillet 2024"},"absolute_dates_time":{"created":"Publi\u00e9 le 6 octobre 2017 7:58","modified":"Mise \u00e0 jour le 22 juillet 2024 22:59"},"featured_img_caption":"","featured_img":false,"series_order":"","_links":{"self":[{"href":"https:\/\/la-colonie.org\/public\/wp-json\/wp\/v2\/pages\/984","targetHints":{"allow":["GET"]}}],"collection":[{"href":"https:\/\/la-colonie.org\/public\/wp-json\/wp\/v2\/pages"}],"about":[{"href":"https:\/\/la-colonie.org\/public\/wp-json\/wp\/v2\/types\/page"}],"author":[{"embeddable":true,"href":"https:\/\/la-colonie.org\/public\/wp-json\/wp\/v2\/users\/1"}],"replies":[{"embeddable":true,"href":"https:\/\/la-colonie.org\/public\/wp-json\/wp\/v2\/comments?post=984"}],"version-history":[{"count":84,"href":"https:\/\/la-colonie.org\/public\/wp-json\/wp\/v2\/pages\/984\/revisions"}],"predecessor-version":[{"id":2856,"href":"https:\/\/la-colonie.org\/public\/wp-json\/wp\/v2\/pages\/984\/revisions\/2856"}],"wp:attachment":[{"href":"https:\/\/la-colonie.org\/public\/wp-json\/wp\/v2\/media?parent=984"}],"curies":[{"name":"wp","href":"https:\/\/api.w.org\/{rel}","templated":true}]}}