{"id":522,"date":"2017-10-02T00:50:25","date_gmt":"2017-10-01T22:50:25","guid":{"rendered":"http:\/\/la-colonie.org\/public\/?page_id=522"},"modified":"2020-05-10T19:54:12","modified_gmt":"2020-05-10T17:54:12","slug":"hier-et-aujourdhui","status":"publish","type":"page","link":"https:\/\/la-colonie.org\/public\/hier-et-aujourdhui\/","title":{"rendered":"Hier et aujourd&rsquo;hui"},"content":{"rendered":"<p>Ici sont regroup\u00e9s de nombreux documents, images et m\u00e9dias divers ayant trait aux :<\/p>\n<ul>\n<li>Fonds iconographique\n<ul>\n<li><a href=\"http:\/\/la-colonie.org\/public\/article\/photos-anciennes\/\">Photos anciennes<\/a><\/li>\n<li><a href=\"http:\/\/la-colonie.org\/public\/article\/gravures\/\">Gravures<\/a><\/li>\n<li><a href=\"http:\/\/la-colonie.org\/public\/article\/plans-de-la-colonie\/\">Plans de la Colonie \u00e0 diverses \u00e9poques<\/a><\/li>\n<\/ul>\n<\/li>\n<li>Souvenirs\n<ul>\n<li><a href=\"http:\/\/la-colonie.org\/public\/article\/les-colloques\/\">Compte-rendus de colloques<\/a><\/li>\n<li><a href=\"http:\/\/la-colonie.org\/public\/article\/souvenirs-de-fetes\/\">Souvenirs de f\u00eates<\/a><\/li>\n<li><a href=\"..\/souvenirs-de-colons\/\">Souvenirs de colons<\/a><\/li>\n<li><a href=\"http:\/\/la-colonie.org\/public\/article\/les-gazettes-de-la-colonie\/\">Gazettes de la Colonie<\/a><\/li>\n<\/ul>\n<\/li>\n<li>Comptes-rendus anciens\n<ul>\n<li><a href=\"http:\/\/la-colonie.org\/public\/article\/comptes-rendus-de-ladministrateur\/\">Comptes-rendus de l&rsquo;Administrateur et du Syndicat<\/a><\/li>\n<li><a href=\"http:\/\/la-colonie.org\/public\/article\/anciens-comptes-rendus-du-comite\/\">Comptes-rendus du Comit\u00e9<\/a><\/li>\n<\/ul>\n<\/li>\n<li><a href=\"http:\/\/la-colonie.org\/public\/article\/textes-historiques\/\">Textes historiques<\/a>\n<ul>\n<li>Rapports sur l\u2019histoire de la Colonie<\/li>\n<li>Correspondances de fouri\u00e9ristes<\/li>\n<li>D\u00e9bats sur le fouri\u00e9risme<\/li>\n<li>Livres de comptes<\/li>\n<li>Papiers divers<\/li>\n<\/ul>\n<\/li>\n<\/ul>\n<div class=\"su-note\"  style=\"border-color:#e5b24c;border-radius:3px;-moz-border-radius:3px;-webkit-border-radius:3px;\"><div class=\"su-note-inner su-u-clearfix su-u-trim\" style=\"background-color:#ffcc66;border-color:#ffffff;color:#333333;border-radius:3px;-moz-border-radius:3px;-webkit-border-radius:3px;\">Ces documents sont r\u00e9serv\u00e9s aux colons et \u00e0 leurs amis et sont prot\u00e9g\u00e9s par mot de passe.<\/div><\/div>\n","protected":false},"excerpt":{"rendered":"<p>Ici sont regroup\u00e9s de nombreux documents, images et m\u00e9dias divers ayant trait aux : Fonds iconographique Photos anciennes Gravures Plans de la Colonie \u00e0 diverses \u00e9poques Souvenirs Compte-rendus de colloques Souvenirs de f\u00eates Souvenirs de colons Gazettes de la Colonie Comptes-rendus anciens Comptes-rendus de l&rsquo;Administrateur et du Syndicat Comptes-rendus du\u2026<\/p>\n<p class=\"continue-reading-button\"> <a class=\"continue-reading-link\" href=\"https:\/\/la-colonie.org\/public\/hier-et-aujourdhui\/\">Suite&#8230;<i class=\"crycon-right-dir\"><\/i><\/a><\/p>\n","protected":false},"author":1,"featured_media":0,"parent":0,"menu_order":0,"comment_status":"closed","ping_status":"closed","template":"","meta":{"advgb_blocks_editor_width":"","advgb_blocks_columns_visual_guide":"","_exactmetrics_skip_tracking":false,"_exactmetrics_sitenote_active":false,"_exactmetrics_sitenote_note":"","_exactmetrics_sitenote_category":0,"footnotes":""},"class_list":["post-522","page","type-page","status-publish","hentry"],"yoast_head":"<!-- This site is optimized with the Yoast SEO plugin v26.1.1 - https:\/\/yoast.com\/wordpress\/plugins\/seo\/ -->\n<title>Hier et aujourd&#039;hui - La Colonie de Cond\u00e9-sur-Vesgre<\/title>\n<meta name=\"robots\" content=\"index, follow, max-snippet:-1, max-image-preview:large, max-video-preview:-1\" \/>\n<link rel=\"canonical\" href=\"https:\/\/la-colonie.org\/public\/hier-et-aujourdhui\/\" \/>\n<meta property=\"og:locale\" content=\"fr_FR\" \/>\n<meta property=\"og:type\" content=\"article\" \/>\n<meta property=\"og:title\" content=\"Hier et aujourd&#039;hui - La Colonie de Cond\u00e9-sur-Vesgre\" \/>\n<meta property=\"og:description\" content=\"Ici sont regroup\u00e9s de nombreux documents, images et m\u00e9dias divers ayant trait aux : Fonds iconographique Photos anciennes Gravures Plans de la Colonie \u00e0 diverses \u00e9poques Souvenirs Compte-rendus de colloques Souvenirs de f\u00eates Souvenirs de colons Gazettes de la Colonie Comptes-rendus anciens Comptes-rendus de l&rsquo;Administrateur et du Syndicat Comptes-rendus du\u2026 Suite...\" \/>\n<meta property=\"og:url\" content=\"https:\/\/la-colonie.org\/public\/hier-et-aujourdhui\/\" \/>\n<meta property=\"og:site_name\" content=\"La Colonie de Cond\u00e9-sur-Vesgre\" \/>\n<meta property=\"article:modified_time\" content=\"2020-05-10T17:54:12+00:00\" \/>\n<meta name=\"twitter:card\" content=\"summary_large_image\" \/>\n<meta name=\"twitter:label1\" content=\"Dur\u00e9e de lecture estim\u00e9e\" \/>\n\t<meta name=\"twitter:data1\" content=\"1 minute\" \/>\n<script type=\"application\/ld+json\" class=\"yoast-schema-graph\">{\"@context\":\"https:\/\/schema.org\",\"@graph\":[{\"@type\":\"WebPage\",\"@id\":\"https:\/\/la-colonie.org\/public\/hier-et-aujourdhui\/\",\"url\":\"https:\/\/la-colonie.org\/public\/hier-et-aujourdhui\/\",\"name\":\"Hier et aujourd'hui - La Colonie de Cond\u00e9-sur-Vesgre\",\"isPartOf\":{\"@id\":\"https:\/\/la-colonie.org\/public\/#website\"},\"datePublished\":\"2017-10-01T22:50:25+00:00\",\"dateModified\":\"2020-05-10T17:54:12+00:00\",\"breadcrumb\":{\"@id\":\"https:\/\/la-colonie.org\/public\/hier-et-aujourdhui\/#breadcrumb\"},\"inLanguage\":\"fr-FR\",\"potentialAction\":[{\"@type\":\"ReadAction\",\"target\":[\"https:\/\/la-colonie.org\/public\/hier-et-aujourdhui\/\"]}]},{\"@type\":\"BreadcrumbList\",\"@id\":\"https:\/\/la-colonie.org\/public\/hier-et-aujourdhui\/#breadcrumb\",\"itemListElement\":[{\"@type\":\"ListItem\",\"position\":1,\"name\":\"Accueil\",\"item\":\"https:\/\/la-colonie.org\/public\/\"},{\"@type\":\"ListItem\",\"position\":2,\"name\":\"Hier et aujourd&rsquo;hui\"}]},{\"@type\":\"WebSite\",\"@id\":\"https:\/\/la-colonie.org\/public\/#website\",\"url\":\"https:\/\/la-colonie.org\/public\/\",\"name\":\"La Colonie de Cond\u00e9-sur-Vesgre\",\"description\":\"Un phalanst\u00e8re subsiste pr\u00e8s de Paris !\",\"publisher\":{\"@id\":\"https:\/\/la-colonie.org\/public\/#organization\"},\"potentialAction\":[{\"@type\":\"SearchAction\",\"target\":{\"@type\":\"EntryPoint\",\"urlTemplate\":\"https:\/\/la-colonie.org\/public\/?s={search_term_string}\"},\"query-input\":{\"@type\":\"PropertyValueSpecification\",\"valueRequired\":true,\"valueName\":\"search_term_string\"}}],\"inLanguage\":\"fr-FR\"},{\"@type\":\"Organization\",\"@id\":\"https:\/\/la-colonie.org\/public\/#organization\",\"name\":\"La Colonie de Cond\u00e9-sur-Vesgre\",\"url\":\"https:\/\/la-colonie.org\/public\/\",\"logo\":{\"@type\":\"ImageObject\",\"inLanguage\":\"fr-FR\",\"@id\":\"https:\/\/la-colonie.org\/public\/#\/schema\/logo\/image\/\",\"url\":\"https:\/\/www.la-colonie.org\/public\/wp-content\/medias\/2018\/02\/Colonie_petit_logo.jpg\",\"contentUrl\":\"https:\/\/www.la-colonie.org\/public\/wp-content\/medias\/2018\/02\/Colonie_petit_logo.jpg\",\"width\":120,\"height\":120,\"caption\":\"La Colonie de Cond\u00e9-sur-Vesgre\"},\"image\":{\"@id\":\"https:\/\/la-colonie.org\/public\/#\/schema\/logo\/image\/\"}}]}<\/script>\n<!-- \/ Yoast SEO plugin. -->","yoast_head_json":{"title":"Hier et aujourd'hui - La Colonie de Cond\u00e9-sur-Vesgre","robots":{"index":"index","follow":"follow","max-snippet":"max-snippet:-1","max-image-preview":"max-image-preview:large","max-video-preview":"max-video-preview:-1"},"canonical":"https:\/\/la-colonie.org\/public\/hier-et-aujourdhui\/","og_locale":"fr_FR","og_type":"article","og_title":"Hier et aujourd'hui - La Colonie de Cond\u00e9-sur-Vesgre","og_description":"Ici sont regroup\u00e9s de nombreux documents, images et m\u00e9dias divers ayant trait aux : Fonds iconographique Photos anciennes Gravures Plans de la Colonie \u00e0 diverses \u00e9poques Souvenirs Compte-rendus de colloques Souvenirs de f\u00eates Souvenirs de colons Gazettes de la Colonie Comptes-rendus anciens Comptes-rendus de l&rsquo;Administrateur et du Syndicat Comptes-rendus du\u2026 Suite...","og_url":"https:\/\/la-colonie.org\/public\/hier-et-aujourdhui\/","og_site_name":"La Colonie de Cond\u00e9-sur-Vesgre","article_modified_time":"2020-05-10T17:54:12+00:00","twitter_card":"summary_large_image","twitter_misc":{"Dur\u00e9e de lecture estim\u00e9e":"1 minute"},"schema":{"@context":"https:\/\/schema.org","@graph":[{"@type":"WebPage","@id":"https:\/\/la-colonie.org\/public\/hier-et-aujourdhui\/","url":"https:\/\/la-colonie.org\/public\/hier-et-aujourdhui\/","name":"Hier et aujourd'hui - La Colonie de Cond\u00e9-sur-Vesgre","isPartOf":{"@id":"https:\/\/la-colonie.org\/public\/#website"},"datePublished":"2017-10-01T22:50:25+00:00","dateModified":"2020-05-10T17:54:12+00:00","breadcrumb":{"@id":"https:\/\/la-colonie.org\/public\/hier-et-aujourdhui\/#breadcrumb"},"inLanguage":"fr-FR","potentialAction":[{"@type":"ReadAction","target":["https:\/\/la-colonie.org\/public\/hier-et-aujourdhui\/"]}]},{"@type":"BreadcrumbList","@id":"https:\/\/la-colonie.org\/public\/hier-et-aujourdhui\/#breadcrumb","itemListElement":[{"@type":"ListItem","position":1,"name":"Accueil","item":"https:\/\/la-colonie.org\/public\/"},{"@type":"ListItem","position":2,"name":"Hier et aujourd&rsquo;hui"}]},{"@type":"WebSite","@id":"https:\/\/la-colonie.org\/public\/#website","url":"https:\/\/la-colonie.org\/public\/","name":"La Colonie de Cond\u00e9-sur-Vesgre","description":"Un phalanst\u00e8re subsiste pr\u00e8s de Paris !","publisher":{"@id":"https:\/\/la-colonie.org\/public\/#organization"},"potentialAction":[{"@type":"SearchAction","target":{"@type":"EntryPoint","urlTemplate":"https:\/\/la-colonie.org\/public\/?s={search_term_string}"},"query-input":{"@type":"PropertyValueSpecification","valueRequired":true,"valueName":"search_term_string"}}],"inLanguage":"fr-FR"},{"@type":"Organization","@id":"https:\/\/la-colonie.org\/public\/#organization","name":"La Colonie de Cond\u00e9-sur-Vesgre","url":"https:\/\/la-colonie.org\/public\/","logo":{"@type":"ImageObject","inLanguage":"fr-FR","@id":"https:\/\/la-colonie.org\/public\/#\/schema\/logo\/image\/","url":"https:\/\/www.la-colonie.org\/public\/wp-content\/medias\/2018\/02\/Colonie_petit_logo.jpg","contentUrl":"https:\/\/www.la-colonie.org\/public\/wp-content\/medias\/2018\/02\/Colonie_petit_logo.jpg","width":120,"height":120,"caption":"La Colonie de Cond\u00e9-sur-Vesgre"},"image":{"@id":"https:\/\/la-colonie.org\/public\/#\/schema\/logo\/image\/"}}]}},"coauthors":[],"author_meta":{"author_link":"https:\/\/la-colonie.org\/public\/article\/author\/admin\/","display_name":"admin"},"relative_dates":{"created":"Publi\u00e9 9 ans il y a","modified":"Mis \u00e0 jour 6 ans il y a"},"absolute_dates":{"created":"Publi\u00e9 le 2 octobre 2017","modified":"Mise \u00e0 jour le 10 mai 2020"},"absolute_dates_time":{"created":"Publi\u00e9 le 2 octobre 2017 0:50","modified":"Mise \u00e0 jour le 10 mai 2020 19:54"},"featured_img_caption":"","featured_img":false,"series_order":"","_links":{"self":[{"href":"https:\/\/la-colonie.org\/public\/wp-json\/wp\/v2\/pages\/522","targetHints":{"allow":["GET"]}}],"collection":[{"href":"https:\/\/la-colonie.org\/public\/wp-json\/wp\/v2\/pages"}],"about":[{"href":"https:\/\/la-colonie.org\/public\/wp-json\/wp\/v2\/types\/page"}],"author":[{"embeddable":true,"href":"https:\/\/la-colonie.org\/public\/wp-json\/wp\/v2\/users\/1"}],"replies":[{"embeddable":true,"href":"https:\/\/la-colonie.org\/public\/wp-json\/wp\/v2\/comments?post=522"}],"version-history":[{"count":18,"href":"https:\/\/la-colonie.org\/public\/wp-json\/wp\/v2\/pages\/522\/revisions"}],"predecessor-version":[{"id":2357,"href":"https:\/\/la-colonie.org\/public\/wp-json\/wp\/v2\/pages\/522\/revisions\/2357"}],"wp:attachment":[{"href":"https:\/\/la-colonie.org\/public\/wp-json\/wp\/v2\/media?parent=522"}],"curies":[{"name":"wp","href":"https:\/\/api.w.org\/{rel}","templated":true}]}}

<p>Ici sont regroupés de nombreux documents, images et médias divers ayant trait aux :</p>
<ul>
<li>Fonds iconographique
<ul>
<li><a href="http://la-colonie.org/public/article/photos-anciennes/">Photos anciennes</a></li>
<li><a href="http://la-colonie.org/public/article/gravures/">Gravures</a></li>
<li><a href="http://la-colonie.org/public/article/plans-de-la-colonie/">Plans de la Colonie à diverses époques</a></li>
</ul>
</li>
<li>Souvenirs
<ul>
<li><a href="http://la-colonie.org/public/article/les-colloques/">Compte-rendus de colloques</a></li>
<li><a href="http://la-colonie.org/public/article/souvenirs-de-fetes/">Souvenirs de fêtes</a></li>
<li><a href="../souvenirs-de-colons/">Souvenirs de colons</a></li>
<li><a href="http://la-colonie.org/public/article/les-gazettes-de-la-colonie/">Gazettes de la Colonie</a></li>
</ul>
</li>
<li>Comptes-rendus anciens
<ul>
<li><a href="http://la-colonie.org/public/article/comptes-rendus-de-ladministrateur/">Comptes-rendus de l&rsquo;Administrateur et du Syndicat</a></li>
<li><a href="http://la-colonie.org/public/article/anciens-comptes-rendus-du-comite/">Comptes-rendus du Comité</a></li>
</ul>
</li>
<li><a href="http://la-colonie.org/public/article/textes-historiques/">Textes historiques</a>
<ul>
<li>Rapports sur l’histoire de la Colonie</li>
<li>Correspondances de fouriéristes</li>
<li>Débats sur le fouriérisme</li>
<li>Livres de comptes</li>
<li>Papiers divers</li>
</ul>
</li>
</ul>
<div class="su-note"  style="border-color:#e5b24c;border-radius:3px;-moz-border-radius:3px;-webkit-border-radius:3px;"><div class="su-note-inner su-u-clearfix su-u-trim" style="background-color:#ffcc66;border-color:#ffffff;color:#333333;border-radius:3px;-moz-border-radius:3px;-webkit-border-radius:3px;">Ces documents sont réservés aux colons et à leurs amis et sont protégés par mot de passe.</div></div>

<p>Ici sont regroupés de nombreux documents, images et médias divers ayant trait aux : Fonds iconographique Photos anciennes Gravures Plans de la Colonie à diverses époques Souvenirs Compte-rendus de colloques Souvenirs de fêtes Souvenirs de colons Gazettes de la Colonie Comptes-rendus anciens Comptes-rendus de l&rsquo;Administrateur et du Syndicat Comptes-rendus du…</p>
<p class="continue-reading-button"> <a class="continue-reading-link" href="https://la-colonie.org/public/hier-et-aujourdhui/">Suite&#8230;<i class="crycon-right-dir"></i></a></p>

<!-- This site is optimized with the Yoast SEO plugin v26.1.1 - https://yoast.com/wordpress/plugins/seo/ -->
<title>Hier et aujourd&#039;hui - La Colonie de Condé-sur-Vesgre</title>
<meta name="robots" content="index, follow, max-snippet:-1, max-image-preview:large, max-video-preview:-1" />
<link rel="canonical" href="https://la-colonie.org/public/hier-et-aujourdhui/" />
<meta property="og:locale" content="fr_FR" />
<meta property="og:type" content="article" />
<meta property="og:title" content="Hier et aujourd&#039;hui - La Colonie de Condé-sur-Vesgre" />
<meta property="og:description" content="Ici sont regroupés de nombreux documents, images et médias divers ayant trait aux : Fonds iconographique Photos anciennes Gravures Plans de la Colonie à diverses époques Souvenirs Compte-rendus de colloques Souvenirs de fêtes Souvenirs de colons Gazettes de la Colonie Comptes-rendus anciens Comptes-rendus de l&rsquo;Administrateur et du Syndicat Comptes-rendus du… Suite..." />
<meta property="og:url" content="https://la-colonie.org/public/hier-et-aujourdhui/" />
<meta property="og:site_name" content="La Colonie de Condé-sur-Vesgre" />
<meta property="article:modified_time" content="2020-05-10T17:54:12+00:00" />
<meta name="twitter:card" content="summary_large_image" />
<meta name="twitter:label1" content="Durée de lecture estimée" />
	<meta name="twitter:data1" content="1 minute" />
<script type="application/ld+json" class="yoast-schema-graph">{"@context":"https://schema.org","@graph":[{"@type":"WebPage","@id":"https://la-colonie.org/public/hier-et-aujourdhui/","url":"https://la-colonie.org/public/hier-et-aujourdhui/","name":"Hier et aujourd'hui - La Colonie de Condé-sur-Vesgre","isPartOf":{"@id":"https://la-colonie.org/public/#website"},"datePublished":"2017-10-01T22:50:25+00:00","dateModified":"2020-05-10T17:54:12+00:00","breadcrumb":{"@id":"https://la-colonie.org/public/hier-et-aujourdhui/#breadcrumb"},"inLanguage":"fr-FR","potentialAction":[{"@type":"ReadAction","target":["https://la-colonie.org/public/hier-et-aujourdhui/"]}]},{"@type":"BreadcrumbList","@id":"https://la-colonie.org/public/hier-et-aujourdhui/#breadcrumb","itemListElement":[{"@type":"ListItem","position":1,"name":"Accueil","item":"https://la-colonie.org/public/"},{"@type":"ListItem","position":2,"name":"Hier et aujourd&rsquo;hui"}]},{"@type":"WebSite","@id":"https://la-colonie.org/public/#website","url":"https://la-colonie.org/public/","name":"La Colonie de Condé-sur-Vesgre","description":"Un phalanstère subsiste près de Paris !","publisher":{"@id":"https://la-colonie.org/public/#organization"},"potentialAction":[{"@type":"SearchAction","target":{"@type":"EntryPoint","urlTemplate":"https://la-colonie.org/public/?s={search_term_string}"},"query-input":{"@type":"PropertyValueSpecification","valueRequired":true,"valueName":"search_term_string"}}],"inLanguage":"fr-FR"},{"@type":"Organization","@id":"https://la-colonie.org/public/#organization","name":"La Colonie de Condé-sur-Vesgre","url":"https://la-colonie.org/public/","logo":{"@type":"ImageObject","inLanguage":"fr-FR","@id":"https://la-colonie.org/public/#/schema/logo/image/","url":"https://www.la-colonie.org/public/wp-content/medias/2018/02/Colonie_petit_logo.jpg","contentUrl":"https://www.la-colonie.org/public/wp-content/medias/2018/02/Colonie_petit_logo.jpg","width":120,"height":120,"caption":"La Colonie de Condé-sur-Vesgre"},"image":{"@id":"https://la-colonie.org/public/#/schema/logo/image/"}}]}</script>
<!-- / Yoast SEO plugin. -->

Hier et aujourd'hui - La Colonie de Condé-sur-Vesgre

Ici sont regroupés de nombreux documents, images et médias divers ayant trait aux : Fonds iconographique Photos anciennes Gravures Plans de la Colonie à diverses époques Souvenirs Compte-rendus de colloques Souvenirs de fêtes Souvenirs de colons Gazettes de la Colonie Comptes-rendus anciens Comptes-rendus de l&rsquo;Administrateur et du Syndicat Comptes-rendus du… Suite...

La Colonie de Condé-sur-Vesgre

Un phalanstère subsiste près de Paris !

Publié 9 ans il y a

Mis à jour 6 ans il y a

Publié le 2 octobre 2017

Mise à jour le 10 mai 2020

Publié le 2 octobre 2017 0:50

Mise à jour le 10 mai 2020 19:54
