{"id":149,"date":"2008-09-26T22:01:46","date_gmt":"2008-09-26T20:01:46","guid":{"rendered":"http:\/\/la-colonie.org\/public\/?page_id=149"},"modified":"2023-03-09T12:58:04","modified_gmt":"2023-03-09T10:58:04","slug":"plan-dacces","status":"publish","type":"page","link":"https:\/\/la-colonie.org\/public\/nous-contacter\/plan-dacces\/","title":{"rendered":"Plan d&rsquo;acc\u00e8s"},"content":{"rendered":"<p><em>La Colonie n&rsquo;est pas ouverte au public, mais uniquement aux membres et \u00e0 leurs invit\u00e9s.<br \/>\n<\/em><br \/>\n<iframe loading=\"lazy\" style=\"border: 0;\" src=\"https:\/\/www.google.com\/maps\/embed?pb=!1m18!1m12!1m3!1d2631.9759096391927!2d1.7005149513953708!3d48.72505197917294!2m3!1f0!2f0!3f0!3m2!1i1024!2i768!4f13.1!3m3!1m2!1s0x0%3A0x0!2zNDjCsDQzJzMwLjIiTiAxwrA0MicwOS44IkU!5e0!3m2!1sfr!2sfr!4v1537289614484\" width=\"600\" height=\"450\" frameborder=\"0\" allowfullscreen=\"allowfullscreen\"><\/iframe><\/p>\n<p><em>(faites un zoom arri\u00e8re pour situer la Colonie\u00a0en r\u00e9gion parisienne).<\/em><\/p>\n<p>Si vous disposez d\u2019un GPS : saisissez La Colonie, Cond\u00e9 sur Vesgre.<\/p>\n<p><a href=\"https:\/\/www.la-colonie.org\/public\/wp-content\/medias\/2023\/03\/Directions-vers-la-Colonie.pdf\">Indications pour se rendre \u00e0 la Colonie en voiture depuis Paris<\/a> (environ une heure en voiture)<a href=\"http:\/\/la-colonie.org\/public\/wp-content\/medias\/2008\/09\/Directions-vers-la-Colonie.pdf\">.<\/a><\/p>\n<p>Gares les plus proches : M\u00e9r\u00e9 (Montfort L&rsquo;Amaury) ou Rambouillet, \u00e0 15 minutes en voiture (aucun transport en commun jusqu&rsquo;\u00e0 la Colonie).<\/p>\n","protected":false},"excerpt":{"rendered":"<p>La Colonie n&rsquo;est pas ouverte au public, mais uniquement aux membres et \u00e0 leurs invit\u00e9s. (faites un zoom arri\u00e8re pour situer la Colonie\u00a0en r\u00e9gion parisienne). Si vous disposez d\u2019un GPS : saisissez La Colonie, Cond\u00e9 sur Vesgre. Indications pour se rendre \u00e0 la Colonie en voiture depuis Paris (environ une\u2026<\/p>\n<p class=\"continue-reading-button\"> <a class=\"continue-reading-link\" href=\"https:\/\/la-colonie.org\/public\/nous-contacter\/plan-dacces\/\">Suite&#8230;<i class=\"crycon-right-dir\"><\/i><\/a><\/p>\n","protected":false},"author":1,"featured_media":0,"parent":39,"menu_order":0,"comment_status":"closed","ping_status":"closed","template":"","meta":{"advgb_blocks_editor_width":"","advgb_blocks_columns_visual_guide":"","_exactmetrics_skip_tracking":false,"_exactmetrics_sitenote_active":false,"_exactmetrics_sitenote_note":"","_exactmetrics_sitenote_category":0,"footnotes":""},"class_list":["post-149","page","type-page","status-publish","hentry"],"yoast_head":"<!-- This site is optimized with the Yoast SEO plugin v26.1.1 - https:\/\/yoast.com\/wordpress\/plugins\/seo\/ -->\n<title>Plan d&#039;acc\u00e8s - La Colonie de Cond\u00e9-sur-Vesgre<\/title>\n<meta name=\"robots\" content=\"index, follow, max-snippet:-1, max-image-preview:large, max-video-preview:-1\" \/>\n<link rel=\"canonical\" href=\"https:\/\/la-colonie.org\/public\/nous-contacter\/plan-dacces\/\" \/>\n<meta property=\"og:locale\" content=\"fr_FR\" \/>\n<meta property=\"og:type\" content=\"article\" \/>\n<meta property=\"og:title\" content=\"Plan d&#039;acc\u00e8s - La Colonie de Cond\u00e9-sur-Vesgre\" \/>\n<meta property=\"og:description\" content=\"La Colonie n&rsquo;est pas ouverte au public, mais uniquement aux membres et \u00e0 leurs invit\u00e9s. (faites un zoom arri\u00e8re pour situer la Colonie\u00a0en r\u00e9gion parisienne). Si vous disposez d\u2019un GPS : saisissez La Colonie, Cond\u00e9 sur Vesgre. Indications pour se rendre \u00e0 la Colonie en voiture depuis Paris (environ une\u2026 Suite...\" \/>\n<meta property=\"og:url\" content=\"https:\/\/la-colonie.org\/public\/nous-contacter\/plan-dacces\/\" \/>\n<meta property=\"og:site_name\" content=\"La Colonie de Cond\u00e9-sur-Vesgre\" \/>\n<meta property=\"article:modified_time\" content=\"2023-03-09T10:58:04+00:00\" \/>\n<meta name=\"twitter:card\" content=\"summary_large_image\" \/>\n<script type=\"application\/ld+json\" class=\"yoast-schema-graph\">{\"@context\":\"https:\/\/schema.org\",\"@graph\":[{\"@type\":\"WebPage\",\"@id\":\"https:\/\/la-colonie.org\/public\/nous-contacter\/plan-dacces\/\",\"url\":\"https:\/\/la-colonie.org\/public\/nous-contacter\/plan-dacces\/\",\"name\":\"Plan d'acc\u00e8s - La Colonie de Cond\u00e9-sur-Vesgre\",\"isPartOf\":{\"@id\":\"https:\/\/la-colonie.org\/public\/#website\"},\"datePublished\":\"2008-09-26T20:01:46+00:00\",\"dateModified\":\"2023-03-09T10:58:04+00:00\",\"breadcrumb\":{\"@id\":\"https:\/\/la-colonie.org\/public\/nous-contacter\/plan-dacces\/#breadcrumb\"},\"inLanguage\":\"fr-FR\",\"potentialAction\":[{\"@type\":\"ReadAction\",\"target\":[\"https:\/\/la-colonie.org\/public\/nous-contacter\/plan-dacces\/\"]}]},{\"@type\":\"BreadcrumbList\",\"@id\":\"https:\/\/la-colonie.org\/public\/nous-contacter\/plan-dacces\/#breadcrumb\",\"itemListElement\":[{\"@type\":\"ListItem\",\"position\":1,\"name\":\"Accueil\",\"item\":\"https:\/\/la-colonie.org\/public\/\"},{\"@type\":\"ListItem\",\"position\":2,\"name\":\"Nous contacter\",\"item\":\"https:\/\/la-colonie.org\/public\/nous-contacter\/\"},{\"@type\":\"ListItem\",\"position\":3,\"name\":\"Plan d&rsquo;acc\u00e8s\"}]},{\"@type\":\"WebSite\",\"@id\":\"https:\/\/la-colonie.org\/public\/#website\",\"url\":\"https:\/\/la-colonie.org\/public\/\",\"name\":\"La Colonie de Cond\u00e9-sur-Vesgre\",\"description\":\"Un phalanst\u00e8re subsiste pr\u00e8s de Paris !\",\"publisher\":{\"@id\":\"https:\/\/la-colonie.org\/public\/#organization\"},\"potentialAction\":[{\"@type\":\"SearchAction\",\"target\":{\"@type\":\"EntryPoint\",\"urlTemplate\":\"https:\/\/la-colonie.org\/public\/?s={search_term_string}\"},\"query-input\":{\"@type\":\"PropertyValueSpecification\",\"valueRequired\":true,\"valueName\":\"search_term_string\"}}],\"inLanguage\":\"fr-FR\"},{\"@type\":\"Organization\",\"@id\":\"https:\/\/la-colonie.org\/public\/#organization\",\"name\":\"La Colonie de Cond\u00e9-sur-Vesgre\",\"url\":\"https:\/\/la-colonie.org\/public\/\",\"logo\":{\"@type\":\"ImageObject\",\"inLanguage\":\"fr-FR\",\"@id\":\"https:\/\/la-colonie.org\/public\/#\/schema\/logo\/image\/\",\"url\":\"https:\/\/www.la-colonie.org\/public\/wp-content\/medias\/2018\/02\/Colonie_petit_logo.jpg\",\"contentUrl\":\"https:\/\/www.la-colonie.org\/public\/wp-content\/medias\/2018\/02\/Colonie_petit_logo.jpg\",\"width\":120,\"height\":120,\"caption\":\"La Colonie de Cond\u00e9-sur-Vesgre\"},\"image\":{\"@id\":\"https:\/\/la-colonie.org\/public\/#\/schema\/logo\/image\/\"}}]}<\/script>\n<!-- \/ Yoast SEO plugin. -->","yoast_head_json":{"title":"Plan d'acc\u00e8s - La Colonie de Cond\u00e9-sur-Vesgre","robots":{"index":"index","follow":"follow","max-snippet":"max-snippet:-1","max-image-preview":"max-image-preview:large","max-video-preview":"max-video-preview:-1"},"canonical":"https:\/\/la-colonie.org\/public\/nous-contacter\/plan-dacces\/","og_locale":"fr_FR","og_type":"article","og_title":"Plan d'acc\u00e8s - La Colonie de Cond\u00e9-sur-Vesgre","og_description":"La Colonie n&rsquo;est pas ouverte au public, mais uniquement aux membres et \u00e0 leurs invit\u00e9s. (faites un zoom arri\u00e8re pour situer la Colonie\u00a0en r\u00e9gion parisienne). Si vous disposez d\u2019un GPS : saisissez La Colonie, Cond\u00e9 sur Vesgre. Indications pour se rendre \u00e0 la Colonie en voiture depuis Paris (environ une\u2026 Suite...","og_url":"https:\/\/la-colonie.org\/public\/nous-contacter\/plan-dacces\/","og_site_name":"La Colonie de Cond\u00e9-sur-Vesgre","article_modified_time":"2023-03-09T10:58:04+00:00","twitter_card":"summary_large_image","schema":{"@context":"https:\/\/schema.org","@graph":[{"@type":"WebPage","@id":"https:\/\/la-colonie.org\/public\/nous-contacter\/plan-dacces\/","url":"https:\/\/la-colonie.org\/public\/nous-contacter\/plan-dacces\/","name":"Plan d'acc\u00e8s - La Colonie de Cond\u00e9-sur-Vesgre","isPartOf":{"@id":"https:\/\/la-colonie.org\/public\/#website"},"datePublished":"2008-09-26T20:01:46+00:00","dateModified":"2023-03-09T10:58:04+00:00","breadcrumb":{"@id":"https:\/\/la-colonie.org\/public\/nous-contacter\/plan-dacces\/#breadcrumb"},"inLanguage":"fr-FR","potentialAction":[{"@type":"ReadAction","target":["https:\/\/la-colonie.org\/public\/nous-contacter\/plan-dacces\/"]}]},{"@type":"BreadcrumbList","@id":"https:\/\/la-colonie.org\/public\/nous-contacter\/plan-dacces\/#breadcrumb","itemListElement":[{"@type":"ListItem","position":1,"name":"Accueil","item":"https:\/\/la-colonie.org\/public\/"},{"@type":"ListItem","position":2,"name":"Nous contacter","item":"https:\/\/la-colonie.org\/public\/nous-contacter\/"},{"@type":"ListItem","position":3,"name":"Plan d&rsquo;acc\u00e8s"}]},{"@type":"WebSite","@id":"https:\/\/la-colonie.org\/public\/#website","url":"https:\/\/la-colonie.org\/public\/","name":"La Colonie de Cond\u00e9-sur-Vesgre","description":"Un phalanst\u00e8re subsiste pr\u00e8s de Paris !","publisher":{"@id":"https:\/\/la-colonie.org\/public\/#organization"},"potentialAction":[{"@type":"SearchAction","target":{"@type":"EntryPoint","urlTemplate":"https:\/\/la-colonie.org\/public\/?s={search_term_string}"},"query-input":{"@type":"PropertyValueSpecification","valueRequired":true,"valueName":"search_term_string"}}],"inLanguage":"fr-FR"},{"@type":"Organization","@id":"https:\/\/la-colonie.org\/public\/#organization","name":"La Colonie de Cond\u00e9-sur-Vesgre","url":"https:\/\/la-colonie.org\/public\/","logo":{"@type":"ImageObject","inLanguage":"fr-FR","@id":"https:\/\/la-colonie.org\/public\/#\/schema\/logo\/image\/","url":"https:\/\/www.la-colonie.org\/public\/wp-content\/medias\/2018\/02\/Colonie_petit_logo.jpg","contentUrl":"https:\/\/www.la-colonie.org\/public\/wp-content\/medias\/2018\/02\/Colonie_petit_logo.jpg","width":120,"height":120,"caption":"La Colonie de Cond\u00e9-sur-Vesgre"},"image":{"@id":"https:\/\/la-colonie.org\/public\/#\/schema\/logo\/image\/"}}]}},"coauthors":[],"author_meta":{"author_link":"https:\/\/la-colonie.org\/public\/article\/author\/admin\/","display_name":"admin"},"relative_dates":{"created":"Publi\u00e9 18 ans il y a","modified":"Mis \u00e0 jour 3 ans il y a"},"absolute_dates":{"created":"Publi\u00e9 le 26 septembre 2008","modified":"Mise \u00e0 jour le 9 mars 2023"},"absolute_dates_time":{"created":"Publi\u00e9 le 26 septembre 2008 22:01","modified":"Mise \u00e0 jour le 9 mars 2023 12:58"},"featured_img_caption":"","featured_img":false,"series_order":"","_links":{"self":[{"href":"https:\/\/la-colonie.org\/public\/wp-json\/wp\/v2\/pages\/149","targetHints":{"allow":["GET"]}}],"collection":[{"href":"https:\/\/la-colonie.org\/public\/wp-json\/wp\/v2\/pages"}],"about":[{"href":"https:\/\/la-colonie.org\/public\/wp-json\/wp\/v2\/types\/page"}],"author":[{"embeddable":true,"href":"https:\/\/la-colonie.org\/public\/wp-json\/wp\/v2\/users\/1"}],"replies":[{"embeddable":true,"href":"https:\/\/la-colonie.org\/public\/wp-json\/wp\/v2\/comments?post=149"}],"version-history":[{"count":26,"href":"https:\/\/la-colonie.org\/public\/wp-json\/wp\/v2\/pages\/149\/revisions"}],"predecessor-version":[{"id":2622,"href":"https:\/\/la-colonie.org\/public\/wp-json\/wp\/v2\/pages\/149\/revisions\/2622"}],"up":[{"embeddable":true,"href":"https:\/\/la-colonie.org\/public\/wp-json\/wp\/v2\/pages\/39"}],"wp:attachment":[{"href":"https:\/\/la-colonie.org\/public\/wp-json\/wp\/v2\/media?parent=149"}],"curies":[{"name":"wp","href":"https:\/\/api.w.org\/{rel}","templated":true}]}}

Plan d&rsquo;accès

<p><em>La Colonie n&rsquo;est pas ouverte au public, mais uniquement aux membres et à leurs invités.<br />
</em><br />
<iframe loading="lazy" style="border: 0;" src="https://www.google.com/maps/embed?pb=!1m18!1m12!1m3!1d2631.9759096391927!2d1.7005149513953708!3d48.72505197917294!2m3!1f0!2f0!3f0!3m2!1i1024!2i768!4f13.1!3m3!1m2!1s0x0%3A0x0!2zNDjCsDQzJzMwLjIiTiAxwrA0MicwOS44IkU!5e0!3m2!1sfr!2sfr!4v1537289614484" width="600" height="450" frameborder="0" allowfullscreen="allowfullscreen"></iframe></p>
<p><em>(faites un zoom arrière pour situer la Colonie en région parisienne).</em></p>
<p>Si vous disposez d’un GPS : saisissez La Colonie, Condé sur Vesgre.</p>
<p><a href="https://www.la-colonie.org/public/wp-content/medias/2023/03/Directions-vers-la-Colonie.pdf">Indications pour se rendre à la Colonie en voiture depuis Paris</a> (environ une heure en voiture)<a href="http://la-colonie.org/public/wp-content/medias/2008/09/Directions-vers-la-Colonie.pdf">.</a></p>
<p>Gares les plus proches : Méré (Montfort L&rsquo;Amaury) ou Rambouillet, à 15 minutes en voiture (aucun transport en commun jusqu&rsquo;à la Colonie).</p>

<p>La Colonie n&rsquo;est pas ouverte au public, mais uniquement aux membres et à leurs invités. (faites un zoom arrière pour situer la Colonie en région parisienne). Si vous disposez d’un GPS : saisissez La Colonie, Condé sur Vesgre. Indications pour se rendre à la Colonie en voiture depuis Paris (environ une…</p>
<p class="continue-reading-button"> <a class="continue-reading-link" href="https://la-colonie.org/public/nous-contacter/plan-dacces/">Suite&#8230;<i class="crycon-right-dir"></i></a></p>

<!-- This site is optimized with the Yoast SEO plugin v26.1.1 - https://yoast.com/wordpress/plugins/seo/ -->
<title>Plan d&#039;accès - La Colonie de Condé-sur-Vesgre</title>
<meta name="robots" content="index, follow, max-snippet:-1, max-image-preview:large, max-video-preview:-1" />
<link rel="canonical" href="https://la-colonie.org/public/nous-contacter/plan-dacces/" />
<meta property="og:locale" content="fr_FR" />
<meta property="og:type" content="article" />
<meta property="og:title" content="Plan d&#039;accès - La Colonie de Condé-sur-Vesgre" />
<meta property="og:description" content="La Colonie n&rsquo;est pas ouverte au public, mais uniquement aux membres et à leurs invités. (faites un zoom arrière pour situer la Colonie en région parisienne). Si vous disposez d’un GPS : saisissez La Colonie, Condé sur Vesgre. Indications pour se rendre à la Colonie en voiture depuis Paris (environ une… Suite..." />
<meta property="og:url" content="https://la-colonie.org/public/nous-contacter/plan-dacces/" />
<meta property="og:site_name" content="La Colonie de Condé-sur-Vesgre" />
<meta property="article:modified_time" content="2023-03-09T10:58:04+00:00" />
<meta name="twitter:card" content="summary_large_image" />
<script type="application/ld+json" class="yoast-schema-graph">{"@context":"https://schema.org","@graph":[{"@type":"WebPage","@id":"https://la-colonie.org/public/nous-contacter/plan-dacces/","url":"https://la-colonie.org/public/nous-contacter/plan-dacces/","name":"Plan d'accès - La Colonie de Condé-sur-Vesgre","isPartOf":{"@id":"https://la-colonie.org/public/#website"},"datePublished":"2008-09-26T20:01:46+00:00","dateModified":"2023-03-09T10:58:04+00:00","breadcrumb":{"@id":"https://la-colonie.org/public/nous-contacter/plan-dacces/#breadcrumb"},"inLanguage":"fr-FR","potentialAction":[{"@type":"ReadAction","target":["https://la-colonie.org/public/nous-contacter/plan-dacces/"]}]},{"@type":"BreadcrumbList","@id":"https://la-colonie.org/public/nous-contacter/plan-dacces/#breadcrumb","itemListElement":[{"@type":"ListItem","position":1,"name":"Accueil","item":"https://la-colonie.org/public/"},{"@type":"ListItem","position":2,"name":"Nous contacter","item":"https://la-colonie.org/public/nous-contacter/"},{"@type":"ListItem","position":3,"name":"Plan d&rsquo;accès"}]},{"@type":"WebSite","@id":"https://la-colonie.org/public/#website","url":"https://la-colonie.org/public/","name":"La Colonie de Condé-sur-Vesgre","description":"Un phalanstère subsiste près de Paris !","publisher":{"@id":"https://la-colonie.org/public/#organization"},"potentialAction":[{"@type":"SearchAction","target":{"@type":"EntryPoint","urlTemplate":"https://la-colonie.org/public/?s={search_term_string}"},"query-input":{"@type":"PropertyValueSpecification","valueRequired":true,"valueName":"search_term_string"}}],"inLanguage":"fr-FR"},{"@type":"Organization","@id":"https://la-colonie.org/public/#organization","name":"La Colonie de Condé-sur-Vesgre","url":"https://la-colonie.org/public/","logo":{"@type":"ImageObject","inLanguage":"fr-FR","@id":"https://la-colonie.org/public/#/schema/logo/image/","url":"https://www.la-colonie.org/public/wp-content/medias/2018/02/Colonie_petit_logo.jpg","contentUrl":"https://www.la-colonie.org/public/wp-content/medias/2018/02/Colonie_petit_logo.jpg","width":120,"height":120,"caption":"La Colonie de Condé-sur-Vesgre"},"image":{"@id":"https://la-colonie.org/public/#/schema/logo/image/"}}]}</script>
<!-- / Yoast SEO plugin. -->

Plan d'accès - La Colonie de Condé-sur-Vesgre

La Colonie n&rsquo;est pas ouverte au public, mais uniquement aux membres et à leurs invités. (faites un zoom arrière pour situer la Colonie en région parisienne). Si vous disposez d’un GPS : saisissez La Colonie, Condé sur Vesgre. Indications pour se rendre à la Colonie en voiture depuis Paris (environ une… Suite...

La Colonie de Condé-sur-Vesgre

Un phalanstère subsiste près de Paris !

Publié 18 ans il y a

Mis à jour 3 ans il y a

Publié le 26 septembre 2008

Mise à jour le 9 mars 2023

Publié le 26 septembre 2008 22:01

Mise à jour le 9 mars 2023 12:58
